4)). Let k be x(q). What are the prime factors of (-374)/k*15/1?
2, 5, 17
Let f = 122 + -86. Let s be (-28)/(f/(-20) + 2). Let d = -86 - s. List the prime factors of d.
2, 3
Suppose o = 5*r - 273, 5*r + o - 369 + 102 = 0. Suppose -29433 = -r*u + 6153. List the prime factors of u.
659
Let a(u) = -3798*u - 4251. List the prime factors of a(-6).
3, 37, 167
Suppose 290 + 5686 = 8*a. Let y = -185 + a. List the prime factors of y.
2, 281
Suppose 3*o = -4*p - 2*o + 342, 5*o = -2*p + 166. Suppose 2*q = p + 202. What are the prime factors of q?
5, 29
Let c = 189 - 186. Suppose 0 = -c*f - 6*d + 5*d + 1984, 2*f - 2*d = 1336. List the prime factors of f.
3, 13, 17
Suppose 4*w - t = 3*w + 8, 0 = -2*w + 4*t + 26. Let y be 9/(27/158)*w. Let r = y - 91. What are the prime factors of r?
67
Let o = 3022 + -286. Suppose 4*i - o = -40. List the prime factors of i.
2, 337
Let f(n) be the second derivative of -n**4/12 + n**3/6 + 3*n**2 - 10*n. Let r be f(-2). Suppose r = b - 6*b + 60. What are the prime factors of b?
2, 3
Let y(l) = l**3 - 19*l**2 - 19*l - 18. Let p be y(20). Suppose 0 = w + 4*c - 474, -2*w - 309 + 1247 = -p*c. What are the prime factors of w?
2, 5, 47
Suppose 220467 = 14*n + 25*n. What are the prime factors of n?
5653
Suppose -4*p = -2*n + 6*n - 16, -3*n = -3*p - 18. Suppose 0 = -7*k + n*k + 766. List the prime factors of k.
383
Let z(y) = 6*y**2 - 2*y + 3. Let x(u) = -3*u + 9 + 2*u + 4*u - 6*u. Let l be x(2). What are the prime factors of z(l)?
3, 17
Let s(m) = 32033*m**2 - 47*m - 42. List the prime factors of s(-1).
2, 83, 193
Suppose 81*n - 160*n + 76*n = -1392. List the prime factors of n.
2, 29
Let y(w) = 56*w**3 - 16*w**2 - 10*w + 37. What are the prime factors of y(5)?
7, 941
Suppose -5*c - 5668 = -3*k, -k - 614 - 526 = c. Let l = -507 - c. What are the prime factors of l?
17, 37
Suppose 71*l - 72*l + 1984 = 0. What are the prime factors of l?
2, 31
Suppose -3*k = 10*k - 1300. What are the prime factors of (-5 - -12)/(10/k)?
2, 5, 7
Let i(q) be the first derivative of q**3/3 + q**2/2 + 26*q + 29. Let k = -36 - -26. What are the prime factors of i(k)?
2, 29
Let k(t) be the first derivative of -t - 6*t**2 + 40 - 1/3*t**3. What are the prime factors of k(-4)?
31
Suppose 0 = 5*p - p - 1660. Suppose -2*w - p = 3*w. Let z = w - -140. List the prime factors of z.
3, 19
Let f(j) = 35*j**3 + 8*j**2 + 9*j - 21. List the prime factors of f(6).
3, 37, 71
Suppose -3*l = 15 + 3. Suppose 0 = -3*v - 28 - 41. Let w = l - v. What are the prime factors of w?
17
Let y(s) = s**2 - 9 + 13 - 6*s - 5. Let l be y(5). List the prime factors of (((-332)/l)/(7/21))/2.
83
Suppose 0 = n - 16*n - 45. Let t(d) = -6*d + 6*d**2 - 6 + 2*d**2 - d. List the prime factors of t(n).
3, 29
Suppose 4*o - 3*o - 5 = 4*v, 1 = -v. Let q = 277 + o. What are the prime factors of q?
2, 139
Let l(p) = 16*p + 121. Let c be l(-16). Let s = c + 610. What are the prime factors of s?
5, 19
Let f(a) = 62*a + 1050. List the prime factors of f(37).
2, 11, 19
Let a = -39 - -41. Suppose 31 = 3*f - 5*i, a*i + 0 = 4*f - 18. Suppose -492 + 148 = -f*g. List the prime factors of g.
2, 43
Suppose -713*o - 43677 = -722*o. What are the prime factors of o?
23, 211
Let r(c) be the second derivative of -17*c**3/6 - 6*c**2 + 2*c + 19. What are the prime factors of r(-10)?
2, 79
Suppose -3*i - 5*t - 70 = -8*i, 0 = 3*t - 6. Suppose g = -i*m + 11*m + 6350, m - 2*g - 1281 = 0. What are the prime factors of m?
31, 41
Suppose 154488 + 190794 + 87183 = 33*v. List the prime factors of v.
5, 2621
Suppose 2*w = 3*b + 2*b + 3816, 4*b = -3*w + 5724. List the prime factors of w.
2, 3, 53
Suppose 0 = 2*i - 3*b - 672, -2*i + 1680 = 3*i + 3*b. Suppose 4*m - 4*h = i, 2*m + 2*h = 107 + 57. Suppose 172 = m*o - 81*o. What are the prime factors of o?
2, 43
Suppose -3*a + 8*a = 5*h - 295, 4*a = h - 56. Let i = -1550 + 1543. Let z = h - i. What are the prime factors of z?
67
Let a(h) = 4*h**2 - 2*h - 10. Let g(p) = -p**3 + p**2 + 7*p - 7. Let z be g(4). Let l = z + 31. What are the prime factors of a(l)?
2, 23
Suppose -3*b = -2*b + 4*k, -24 = b - 4*k. Let q(p) = -p**2 - 12*p + 9. Let a be q(b). Suppose 635 = a*s - 4*s. List the prime factors of s.
127
Let d = 43295 - 25789. What are the prime factors of d?
2, 8753
Let i(l) = -12 + 6 + 101*l - 4. Let o be i(3). Suppose o = 2*x + 81. List the prime factors of x.
2, 53
Suppose 92 + 120 = -53*j. Suppose -2*l - 4*v = -888, 3*l + 0*v - 1317 = -v. What are the prime factors of ((-4)/6)/(j/l - 0)?
73
Suppose -3*w + 81336 = 5*v, 4*w + 38 = 6. List the prime factors of v.
2, 3, 113
What are the prime factors of (7 + 37/(-3))*(5 - 2615)?
2, 3, 5, 29
Suppose -18 = -6*y - 66. List the prime factors of -944*((-4)/y)/(-1).
2, 59
Let k = 277 - 275. Suppose -2*c = -k*m + 916, -3*c + 2*c = -5*m + 2290. List the prime factors of m.
2, 229
Let c = -93564 - -135302. What are the prime factors of c?
2, 41, 509
Suppose 6910 + 21020 = -30*r. Let x = r + 1679. List the prime factors of x.
2, 11, 17
Let m = 1804 + -264. Let p = m - 73. List the prime factors of p.
3, 163
Let a(p) = 29841*p**3 + 171*p - 170. List the prime factors of a(1).
2, 43, 347
Suppose 0 = x - 12*p - 55689, -11923 = 2*x + 4*p - 123329. List the prime factors of x.
3, 2063
Let n(a) = a**3 + 28*a**2 - 28*a + 32. Let y be n(-29). Suppose -y*h - 4 = -19, 1709 = 3*o + h. What are the prime factors of o?
2, 71
Suppose -5*s = -2*n + 1317 + 3026, 5*n + 4*s = 10874. Let r = -1456 + n. List the prime factors of r.
2, 359
Let f(s) = 18*s**3 - 27*s**2 + 167*s + 27. List the prime factors of f(7).
6047
Suppose -5*l - 2*q + 144 = 0, 0 = -5*l - 3*q + 205 - 64. What are the prime factors of (-509 - 1)*(-70)/l?
2, 5, 7, 17
Let l be 0/(-1 + 7 - 4). What are the prime factors of (-35*59)/(-7) - l?
5, 59
What are the prime factors of 1 + (4 + -11)/7 + 36506?
2, 18253
Suppose 4*o + 0*o = 2*o. Suppose o = 5*d + s - 2*s - 21, -2*d + 5*s = 10. Suppose -d*v = 5*b - 235, -5*b = -20 - 0. List the prime factors of v.
43
Let s(j) = j + 10. Let i = 37 - 36. Let f be (-364)/(-39) - i/3. List the prime factors of s(f).
19
Let x = -27188 + 51890. What are the prime factors of x?
2, 3, 23, 179
Let p = -4 + 114. Suppose -3*c + p = h - 0*h, h - 3*c - 110 = 0. What are the prime factors of h?
2, 5, 11
Let n be 210/30*(-2 - -1). What are the prime factors of 428*6*n/(-42)?
2, 107
Let q(d) = 368*d**2 - 4*d - 4. Let w = -170 - -169. What are the prime factors of q(w)?
2, 23
Suppose 427 = 3*m - 2*u - 555, 0 = -2*m - 4*u + 644. List the prime factors of m - (-1 + -1 + 0)/1.
2, 41
Let m(x) = 13*x**2 - 6*x - 59. Let r be m(11). Let k = -649 + r. Let z = k - 562. What are the prime factors of z?
3, 79
Let i(o) = 2*o**3 + o**2 + o. Let k be i(-1). What are the prime factors of (2 + 0 - 305)/(-5 - k)?
101
Suppose -u + 0*x - 2*x = -43290, -x = -5*u + 216527. What are the prime factors of u?
2, 5413
Suppose 6*h - 39*h - 83886 = 0. List the prime factors of 1/(-11) + h/(-11).
3, 7, 11
Let y(p) = -19*p**3 + 29*p**2 - 3*p + 409. What are the prime factors of y(-14)?
58271
Let u(p) = 257*p - 253. What are the prime factors of u(50)?
3, 13, 17, 19
Suppose -1107 = -o + j + 1436, -3*o = -j - 7633. List the prime factors of o.
5, 509
Let v = -6 - -38. Let f be (-2)/1 + v/8. Suppose -5*p - 5*q = -555, f*p = 3*p + 4*q - 99. What are the prime factors of p?
5, 23
Suppose 3*p = 5*j - 2*j + 12, 4*j = p - 13. Let w be 1140/6*(-1*2 + p). Let a = -57 - w. What are the prime factors of a?
7, 19
Let b be ((-60)/24)/(5/(-12)) - 3. List the prime factors of 1178/b + (-40)/60.
2, 7
Suppose 1016*j - 3357504 = 929*j. List the prime factors of j.
2, 3, 67
Suppose -3*m - 4*l = 4, 4*m + 7 = -2*l + 5. Let u(r) = -r**2 - r + 282. Let t be u(0). Suppose -3*i + 6*i - t = m. What are the prime factors of i?
2, 47
Suppose 0 = -4*j - 527 - 113. Let y be j/(-48)*(42 - 0). Suppose -9*m + y = -5*m. List the prime factors of m.
5, 7
Let l be (-13)/(-39) + (46/6 - -1). Suppose -l*c = -3491 + 395. What are the prime factors of c?
2, 43
What are the prime factors of -1 + 1/2 + (-7813075)/(-118) + -2?
2, 3, 5, 2207
Let w(m) be the third derivative of 0*m**3 + 0*m + 0 - 1/60*m**5 - 5*m**2 - 7/12*m**4. What are the prime factors of w(-13)?
13
Let r = 10 - 7. Suppose r*c - 4*y - y - 32 = 0, 5*c + 2*y = 43. Suppose c = 5*x -